t is the remainder when 2379833 is divided by 793273?
14
What is the remainder when 519779 is divided by 4870?
3559
Calculate the remainder when 1414056 is divided by 202008.
0
What is the remainder when 8235917 is divided by 3056?
3053
Calculate the remainder when 1222304 is divided by 1222280.
24
What is the remainder when 9019986 is divided by 17?
7
Calculate the remainder when 201838 is divided by 201834.
4
Calculate the remainder when 3775317 is divided by 18.
15
What is the remainder when 24858 is divided by 1816?
1250
Calculate the remainder when 145064 is divided by 32.
8
What is the remainder when 1353935 is divided by 451191?
362
What is the remainder when 2727 is divided by 1515?
1212
Calculate the remainder when 248339902 is divided by 65.
57
Calculate the remainder when 820959 is divided by 500.
459
What is the remainder when 18310990 is divided by 150090?
10
Calculate the remainder when 128877 is divided by 503.
109
Calculate the remainder when 41415 is divided by 40615.
800
Calculate the remainder when 4825905 is divided by 714.
693
Calculate the remainder when 838276 is divided by 314.
210
What is the remainder when 28688218 is divided by 121?
86
What is the remainder when 614045 is divided by 619?
616
Calculate the remainder when 44271534 is divided by 6285.
6279
Calculate the remainder when 35229 is divided by 11125.
1854
What is the remainder when 759867 is divided by 64?
59
What is the remainder when 304464 is divided by 174?
138
What is the remainder when 326251 is divided by 4720?
571
Calculate the remainder when 6262210 is divided by 40.
10
What is the remainder when 370323 is divided by 83?
60
Calculate the remainder when 20260600 is divided by 734.
732
What is the remainder when 27661 is divided by 355?
326
Calculate the remainder when 5272832 is divided by 485.
397
Calculate the remainder when 1950673337 is divided by 4543.
4540
Calculate the remainder when 9959048 is divided by 819.
8
Calculate the remainder when 4981295 is divided by 121.
88
Calculate the remainder when 79718 is divided by 114.
32
What is the remainder when 41116 is divided by 885?
406
Calculate the remainder when 717304 is divided by 119376.
1048
What is the remainder when 4975194 is divided by 29439?
3
Calculate the remainder when 122919 is divided by 3832.
295
Calculate the remainder when 657707 is divided by 82124.
715
Calculate the remainder when 1019 is divided by 526.
493
Calculate the remainder when 1549065 is divided by 1549020.
45
What is the remainder when 2059131 is divided by 456?
291
What is the remainder when 40282963 is divided by 3505?
3503
What is the remainder when 5150118 is divided by 8849?
0
What is the remainder when 200653 is divided by 200222?
431
Calculate the remainder when 4790943702 is divided by 548.
546
Calculate the remainder when 1852192 is divided by 1447.
32
Calculate the remainder when 26257526 is divided by 1254.
20
Calculate the remainder when 4635510 is divided by 122.
120
What is the remainder when 1768226 is divided by 370?
366
What is the remainder when 117894 is divided by 16818?
168
What is the remainder when 2677334 is divided by 1328?
86
What is the remainder when 3060914 is divided by 1530454?
6
What is the remainder when 4627487 is divided by 153?
2
Calculate the remainder when 11321 is divided by 11267.
54
Calculate the remainder when 1580595 is divided by 1643.
29
Calculate the remainder when 331676159 is divided by 3648.
3647
Calculate the remainder when 71237 is divided by 99.
56
What is the remainder when 34135063 is divided by 53?
42
What is the remainder when 1009839 is divided by 9100?
8839
What is the remainder when 1483899 is divided by 6507?
303
What is the remainder when 28753554 is divided by 1513342?
56
Calculate the remainder when 27360533 is divided by 175.
158
What is the remainder when 362248 is divided by 32928?
40
Calculate the remainder when 88042621 is divided by 42.
37
What is the remainder when 488810 is divided by 10768?
4250
Calculate the remainder when 6951247 is divided by 228.
211
What is the remainder when 74233 is divided by 74206?
27
What is the remainder when 153134901 is divided by 312?
309
What is the remainder when 44599 is divided by 176?
71
Calculate the remainder when 57796198 is divided by 600.
598
What is the remainder when 409712 is divided by 12405?
347
Calculate the remainder when 208405 is divided by 8362.
7717
Calculate the remainder when 1282246 is divided by 3.
1
Calculate the remainder when 84322 is divided by 25949.
6475
Calculate the remainder when 91374 is divided by 4805.
79
What is the remainder when 1557629 is divided by 746?
727
Calculate the remainder when 493359 is divided by 1011.
1002
What is the remainder when 393130 is divided by 196548?
34
Calculate the remainder when 294608 is divided by 328.
64
Calculate the remainder when 13029127 is divided by 1127.
1007
What is the remainder when 22548 is divided by 94?
82
What is the remainder when 181972447 is divided by 406?
405
What is the remainder when 1863692 is divided by 36530?
662
Calculate the remainder when 147620 is divided by 4882.
1160
Calculate the remainder when 5260180 is divided by 526018.
0
Calculate the remainder when 21432340 is divided by 388.
384
What is the remainder when 16984240 is divided by 26?
0
What is the remainder when 3213440 is divided by 41?
24
What is the remainder when 2522 is divided by 1251?
20
Calculate the remainder when 539166 is divided by 59907.
3
What is the remainder when 21312 is divided by 29?
26
Calculate the remainder when 1460776 is divided by 40.
16
What is the remainder when 64763210 is divided by 165?
50
Calculate the remainder when 15196 is divided by 5062.
10
What is the remainder when 15860004 is divided by 97?
19
Calculate the remainder when 615705 is divided by 89.
3
What is the remainder when 3951463 is divided by 4958?
4895
What is the remainder when 91667 is divided by 15219?
353
Calculate the remainder when 5905435 is divided by 5468.
5463
Calculate the remainder when 1172351 is divided by 6661.
15
What is the remainder when 433448 is divided by 477?
332
Calculate the remainder when 561111 is divided by 9738.
6045
What is the remainder when 8766131 is divided by 4?
3
Calculate the remainder when 98643026 is divided by 344.
338
Calculate the remainder when 30019597 is divided by 460.
457
Calculate the remainder when 1009974 is divided by 192.
54
Calculate the remainder when 313736 is divided by 590.
446
Calculate the remainder when 1238940 is divided by 309735.
0
What is the remainder when 80875 is divided by 5877?
4474
Calculate the remainder when 32319209 is divided by 1190.
1189
What is the remainder when 51518 is divided by 25654?
210
Calculate the remainder when 5673002 is divided by 3528.
3506
What is the remainder when 2413 is divided by 44?
37
What is the remainder when 725754 is divided by 362858?
38
What is the remainder when 5823510 is divided by 135430?
20
Calculate the remainder when 785722 is divided by 253.
157
What is the remainder when 5457296 is divided by 7435?
6
Calculate the remainder when 649674 is divided by 7554.
30
What is the remainder when 364228954 is divided by 52032706?
12
Calculate the remainder when 48995757 is divided by 46.
7
What is the remainder when 30746 is divided by 3375?
371
What is the remainder when 3223044 is divided by 331?
97
What is the remainder when 4174234 is divided by 913?
911
What is the remainder when 59567 is divided by 2686?
475
What is the remainder when 27839771 is divided by 35?
1
What is the remainder when 243248 is divided by 830?
58
Calculate the remainder when 348823 is divided by 289.
0
What is the remainder when 4640137 is divided by 84366?
7
What is the remainder when 162790898 is divided by 201?
194
What is the remainder when 5566 is divided by 1?
0
Calculate the remainder when 5312207 is divided by 116.
103
Calculate the remainder when 738953 is divided by 2331.
26
Calculate the remainder when 64043248 is divided by 2639.
2635
What is the remainder when 128522739 is divided by 762?
9
Calculate the remainder when 30771493 is divided by 136.
133
Calculate the remainder when 83487 is divided by 378.
327
Calculate the remainder when 4363548 is divided by 118.
26
Calculate 